- 36. Let m(x) = -5*x**3 + 9*x**2 - 13*x - 8. Let h(y) = 2*c(y) - 11*m(y). Calculate h(4).
-4
Let x(m) = 16*m**3 - 53*m**2 - 70*m + 90. Let d(y) = -3*y**3 + 10*y**2 + 14*y - 18. Let h(p) = 11*d(p) + 2*x(p). Calculate h(6).
-6
Let c = 4 + -2. Let r be (8/6)/((-175)/(-1050)). Let g(p) = -32*p**3 + 2*p - 7 + 39*p**3 + r + 2*p**c. Determine g(-1).
-6
Let c(z) = -z + 16. Let d(l) be the third derivative of l**4/8 - 35*l**3/6 - 3*l**2 + 15. Let s(m) = 5*c(m) + 2*d(m). What is s(-4)?
6
Suppose 2*q - 87 = -5*y - 13, q + 3 = 0. Suppose y*s + 15*s = 186. Let i(z) = z**2 - 8*z + 5. Give i(s).
-7
Let l(w) be the first derivative of 5*w**2/2 + 1. Let q(v) = v**3 - 8*v**2 + 7*v. Let z be q(7). Let r be 1 + z + ((-96)/8)/4. Give l(r).
-10
Let c(w) = 469*w + 6069. Let a be c(-13). Let b(x) = -x**3 - 28*x**2 + x - 37. Determine b(a).
-65
Suppose 51 = -6*p + 87. Suppose -4*h = z - p*h + 2, -2*h = -6. Let q(y) = 3*y - 8. Calculate q(z).
4
Let i be (-42)/(-10) + (-2)/(-10)*4. Suppose 0 = 4*y - 16, 4*a + 6*y - i*y - 4 = 0. Let z(o) = 23 + 7 - 4*o**2 + 0*o**2 + 5*o**2. Give z(a).
30
Suppose -4*s - 5*r + 32 = 0, -3*s + 8*s + 4*r = 40. Let q = -6 - -8. Let n(x) = x - 2*x + q*x + 0*x. Determine n(s).
8
Suppose 16*f - 6 = 13*f. Suppose 4*s - s - 40 = -a, -f*s - 3*a = -15. Suppose -6*g - s = -g. Let y(d) = -d**3 - 2*d**2 - 3*d + 2. Calculate y(g).
20
Let v(a) = -a**3 + 5*a**2 + 8*a - 5. Let y be 13*(10/(-25) - 12/(-5)). Let g be (-6)/12 - y/(-4). What is v(g)?
7
Suppose 0 = 5*m + v + 17 - 80, -5*m + 67 = -v. Let f(o) = -13*o - 23 - m*o - 6*o + 50*o - 13*o. Give f(5).
2
Let w(a) = -7*a + 3. Suppose 5*s - 238 = 2*g + g, 0 = -3*g - 3*s - 198. Let q = 99 + g. Suppose 2*v - v = 4*p + 19, 0 = -4*v + 4*p + q. Determine w(v).
-18
Let i = -81 + 82. Let f(k) = -k - i - 3*k - 7*k + 8*k. Let m(u) = 4*u. Let o(n) = 6*f(n) + 4*m(n). Calculate o(-5).
4
Let d(x) = 62088*x**2 - 186192*x**2 - 2*x**3 + 23*x - 32 + 62089*x**2 + 62058*x**2. What is d(22)?
-10
Let o(f) be the second derivative of 5*f**4/12 - 15*f**3 + 13*f**2/2 - 13135*f. Give o(18).
13
Let o(k) be the second derivative of -k**5/20 + 5*k**4/12 - 5*k**3/6 - k**2/2 - 1113*k. Give o(2).
1
Let a(r) = 2958*r - 8866*r + 2964*r + 2957*r - 2*r**2 + 1. Give a(10).
-69
Let a(i) = i**3 + 13*i**2 - 15*i + 1. Suppose -5*r - 55 = 3*f, -r = -f - 5 + 24. Determine a(r).
15
Suppose -n + 3*t - 9 = 0, 5*n + 2*t - 6 = 17. Suppose -84 = -n*h - 11*h. Let d(z) = -z**2 + 5*z + 11. Determine d(h).
5
Suppose 112 = -5*l + 9*l. Suppose l - 37 = j. Let f(z) = -z**3 - 8*z**2 + 12*z + 2. Determine f(j).
-25
Let h(r) = -r + 2. Suppose -158 = -5*i - 2*k + 6*k, 2*k + 130 = 4*i. Suppose i = 2*x - 12. Let n(p) = -2*p**2 + 45*p + 17. Let q be n(x). Give h(q).
8
Let v(d) = -3*d + 4. Let x be 28/(-12) + 3/9. Let m be (-1 - (-2)/4)*x - 1. Suppose 4*r - 5*t - 33 = m, -2*r + 5*t = 3*r - 40. Calculate v(r).
-17
Let c(q) = -12*q**2 - q + 1. Let n(u) = -95*u**2 + u + 23. Let h(d) = -8*c(d) + n(d). What is h(-5)?
-5
Let j(y) = -4*y - 15. Let i(l) = 47*l - 2316. Let x be i(49). Give j(x).
37
Let l = -2 + -4. Let c(i) = 2*i - 25. Let r be c(11). Let t(n) = -16*n**2 - 6*n + 12. Let b(o) = 7*o**2 + 3*o - 6. Let v(q) = r*t(q) - 7*b(q). Determine v(l).
-12
Suppose f - 2 = -f. Let q(p) be the first derivative of -p**6/90 + 2*p**3/3 + 16*p - 93. Let v(t) be the third derivative of q(t). Determine v(f).
-4
Let d(r) = -r**2 - 25*r + 42. Let y be d(-27). Let n be y/(-7) - 6/(-21). Let c(b) = -2*b**3 + 2*b**2 + b - 1. Give c(n).
-7
Let n(a) = a**3 - 8*a**2 + 6*a - 3. Suppose 4*x - 23 = c, -12 = -3*x + 5*c + 1. What is n(x)?
-39
Let i(s) = -s - 1. Let h be 7*16 + (15 - (16 - 9)). Suppose 48 - 408 = -3*o - 3*v, -4*o - 3*v = -479. Let k = o - h. What is i(k)?
0
Suppose -5*m + 8*b - 93 = -69, 0 = -b - 2. Let p(y) = -6*y**2 - 53*y - 38. Give p(m).
2
Let u(g) be the third derivative of g**4/8 + 5*g**3/6 - 2*g**2 + 16*g - 7. Let i be (-20)/6*(-3 - 0). Let q = i - 6. Calculate u(q).
17
Let x(o) = -o + 2. Suppose 3*d - 2*f - 8 = 0, 3*d + 5*f = d + 37. Let t(v) = -v**2 - 16*v + 133. Let b be t(d). Give x(b).
1
Let z = 3332 - 3352. Let l(w) = -w**3 - 21*w**2 - 22*w - 33. Calculate l(z).
7
Let u(f) be the second derivative of -f**5/10 - f**2/2 + 13*f + 1. Let d = 23 + -19. Let b be (-180)/156 + d/26. Calculate u(b).
1
Suppose 117 = 4*q - 123. Suppose q = -8*a - 2*a. Let t(x) be the third derivative of x**6/120 + 7*x**5/60 + 5*x**4/24 + 2*x**3/3 - x**2. What is t(a)?
10
Let h(w) = -3*w - 2*w**2 + 7 + 0*w + 8*w + w**2. Let l(v) = 10*v - 203. Let c be l(21). Determine h(c).
-7
Let t = -43585 - -43577. Let d(s) be the second derivative of s**3/6 + 3*s**2/2 - s. Determine d(t).
-5
Let g be (-28)/(-906 - -901 - (1 - (0 - -4))). Let s(d) = d**2 - 17*d - 29. Give s(g).
-71
Let y(s) = -s + 22. Let d = 854 - 851. Calculate y(d).
19
Suppose 5*c + 3*g - 8 - 3 = 0, -5*c + 32 = -4*g. Let s(t) = t + 7 - 21*t + 8*t + 10*t + c. Calculate s(9).
-7
Let q(y) = 9*y**3 - 3*y**2 + 13*y - 7. Let x(b) = b + b - 4*b**3 - 8*b + 0*b**3 + 4 + 2*b**2. Let m(u) = 3*q(u) + 7*x(u). What is m(5)?
-8
Let h(n) = 6*n + n**2 - 32 - 56 - 21 - 31 + 23. Give h(-14).
-5
Suppose -3 = -3*h + 3. Let m(k) = -k**2 + 3*k + 12. Let j be m(5). Let b(a) = -j*a**2 + 40*a - 2 - 22*a - 15*a + 0. Determine b(h).
-4
Let v be 3 - -2 - (400/440)/((-2)/(-11)). Let q(b) be the second derivative of v + 34*b - 1/12*b**4 - 1/6*b**3 + 0*b**2. Calculate q(3).
-12
Let k(h) be the first derivative of 2*h**3 + 0*h - 7 + 1/10*h**5 + 0*h**2 + 1/24*h**4. Let n(z) be the third derivative of k(z). Calculate n(1).
13
Let i be ((-1)/((-2)/(-4)))/1. Let h(j) be the third derivative of 1/24*j**4 + 0*j + 0*j**3 - 51 - 2*j**2. Determine h(i).
-2
Let x(o) = -o**2 + 64*o + 1676. Let r be x(84). Let d(n) = 2*n**2 + 6*n + 6. Let j(g) = -2*g**2 - 7*g - 7. Let c(y) = -3*d(y) - 2*j(y). What is c(r)?
-20
Let v(c) = c**3 - 8*c**2 + 5*c + 60. Let u be v(11). Let k(t) = 956 + 6*t - 480 - u. Let i be (-2)/6 - (-28)/12. What is k(i)?
10
Suppose 34 = 3*j + 3*u + 1, 10 = 2*j - u. Let v(w) = 4*w**3 + w**2 + 9*w - 21. Let m(q) = q**3 - q**2 - 1. Let s(a) = -5*m(a) + v(a). What is s(j)?
-2
Let c(q) = -q**2 - 2*q - 13. Let w = 632 - 623. Suppose -3*s - 8*b = -5*b + w, 2*s - b = 3. What is c(s)?
-13
Let d be ((-18)/(-72))/((-2)/8). Let y be 2 + -9*(0 - d). Let r(b) be the third derivative of -b**6/120 - b**5/10 + b**4/4 - b**3/2 - 4*b**2. What is r(y)?
4
Let l(j) = -2*j - 6. Let q(c) = 48*c + 432. Let h be q(-9). Determine l(h).
-6
Let r(q) = -4*q - 4. Let l = -81 + 134. Suppose -3*j + l - 23 = 0. Suppose -8*u - j - 14 = 0. Determine r(u).
8
Let k(d) = -d**3 + 6*d**2 - 5*d - 3. Suppose -5*a = -n - 13, n + 32 = 2*n + 4*a. Let x = 10 - n. Let w be x/14 + 252/49. Give k(w).
-3
Suppose 3*o - 42 = -i - 2*i, 30 = o - 3*i. Let s(x) = -o - 3*x + 9*x + 7 - 5*x. Let n = 1851 - 1843. Determine s(n).
-3
Let b be (0 + -6)*(-1)/3. Suppose 3*m - 141 = -0. Let t(y) = 2*y**2 + m*y + 42*y - 92*y + 1. Determine t(b).
3
Let g(o) = -78 + 4*o**2 + 77 - o**3 + 33*o - 29*o. Let l(y) = -y**3 + 5*y**2 + 2*y - 5. Let r be l(5). Give g(r).
-6
Suppose 0 = -48*g + 39*g - 81. Let u(z) = -z**3 - 13*z**2 - 34*z + 15. Let x be u(g). Let n(l) = -l**2 - 6*l - 1. Give n(x).
8
Let x(i) = i**3 - 4*i**2 + 4*i + 3. Suppose -4*g - 4 = -5*y, -9*y + 5*g - 16 = -8*y. Give x(y).
19
Let g be 8/(-20) - (-36)/(-10). Let y(o) = 731*o**2 + 5*o - 727*o**2 - 13 + 25 - 8 + o**3. Give y(g).
-16
Let x(v) be the first derivative of -3*v**4/2 - 34*v**3/3 + 7*v**2 + 10*v - 3259. Determine x(-6).
-2
Let f(p) be the second derivative of p**4/6 - 7*p**3/6 + 2*p**2 - 16*p + 1. Let g be f(0). Let d(z) = -z**3 + 3*z**2 + 5*z + 2. Calculate d(g).
6
Let k(u) = 5*u - 4. Let s(b) = -b**3 - 5*b**2 + 15*b - 3. Let r = 25 - 32. Let y be s(r). Let p(l) = -16*l + 12. Let v(i) = y*k(i) - 3*p(i). Calculate v(-6).
16
Suppose -4*z - 5*p + 18 = -0*z, -2*p = 3*z - 10. Let a be (-3200)/(-1680) - (-2)/42*z. Let g(q) = -q**3 + 2*q**2 - 2*q + 2. What is g(a)?
-2
Let y(n) = -n**2 - 2*n - 1. Let b(s) = -4*s**2 - 42*s + 22. Let r be b(-11). Suppose 0*d - 3*d + 3*f - 6 = r, 5*d = 2*f - 10. What is y(d)?
-1
Let c(i) = 2*i + 3*i - i + 14. Let t(l) = 2*l + 7. Suppose 78*q = 79*q + 4*v - 13, -4*v = 5*q - 33. Let b(h) = q*t(h) - 2*c(h). What is b(-8)?
-9
Let h = -190 + 159. Le